 - (0 - 9))?
-23
(12 - 54) + 17 + 5
-20
What is 1 + -31 + -865 + 906?
11
Calculate -12 + 2 + 15 + -4.
1
What is the value of (-2 + 13 - (-6 - (6 + -19))) + 6?
10
Evaluate 0 + 2 + -5 + 6 - (6 - -8).
-11
Evaluate -5 + -1 + (-4 - -13) + -26.
-23
Evaluate 13 - (-5 - -8 - -21).
-11
What is the value of 3 + 2 - ((-4 - -5) + -6 - 0)?
10
What is the value of (-23 - (19 + -12)) + (16 - 10)?
-24
(0 - (18 - -2)) + 19
-1
Calculate -11 + (2 + -6 + -1 - (8 + -19)).
-5
Evaluate -10 + (-20 + 21 - -18).
9
What is (2 - -30) + -21 + -12 + -5?
-6
Evaluate 13 - (((5 - -1) + -19 - -3) + 7).
16
-1 + 6 - (-152 + 163) - 6
-12
Evaluate 0 - (7 + -9 + (0 - -5)).
-3
Calculate 3 - (1 - (1 - -4)) - -1.
8
Calculate 9 + 2 + -1 + -645 + 647.
12
Evaluate 85 + -107 + (-1 - (-12 - -1)).
-12
Evaluate 6 - (7 + 10 + -11) - 10.
-10
Calculate -7 + 8 - (14 + 6 + -11).
-8
0 - 12 - 0 - -3 - (58 + -58)
-9
23 + -16 - (4 + 1)
2
Evaluate -6 + -5 - (-8 - (11 - 9)).
-1
(9 - (-3 + 4 + -1)) + -23 + 21
7
(13 - (11 - 0) - 2) + -4
-4
Calculate 2 - 15 - (-99 - -91).
-5
(32 - -22) + -6 - 22
26
(-3 - (-8 - -10)) + (20 - -3 - -1)
19
Calculate -15 + (-5 - 6 - -28).
2
What is the value of -1 - (5 + -16 - -1)?
9
What is 10 - (4 + (-8 - (-18 + -1)))?
-5
What is 3 + -2 - (-4 - (-2 + -6) - 3)?
0
What is the value of 3 - 20 - (-7 - (-4 - -2))?
-12
What is -2 + (18 - 2) + (-41 - -7 - -33)?
13
What is the value of -12 + (9 + -7 - -21)?
11
Evaluate -28 + (56 - 9) + 8.
27
(5 - 1) + 57 + -68
-7
What is the value of -32 - (21 + 27 + -60)?
-20
4 + 3 + (2 + -35 - (46 + -58))
-14
Calculate -14 - ((25 - 45) + 13 + 1).
-8
What is 34 + (-46 - -17) - (-3 - -25)?
-17
What is the value of (-18 - -14) + -28 + -2 + 4?
-30
Evaluate 7 - -1 - (-3 + -3 + (-3 - 4)).
21
Evaluate -1 - -10 - (11 - (-25 + 21 - 23)).
-29
9 - ((0 - (-7 + 1)) + 2)
1
What is (0 - -18) + (-10 - 7)?
1
What is 18 + 7 + -12 - 9?
4
What is the value of 1 + -9 + (-668 - -671)?
-5
-1 - -33 - (5 - -3 - (0 + 3))
27
Calculate 13 - (-8 + 34 + -15).
2
What is 6 - (-8 + -1 - -21) - 0?
-6
Evaluate (-3 - -1) + 19 + -27.
-10
What is (0 - -6) + -8 + -4 + 8?
2
(17 - (16 + -19)) + -6
14
What is the value of 21 - (6 + -5) - -2 - (0 + -6)?
28
-41 + (32 - 19) + 49
21
Calculate 11 + 6 + -40 - -6.
-17
What is -12 - 11 - (-14 + (-6 - -12))?
-15
What is 23 + -2 + (-21 - -17) - (0 - 8)?
25
Calculate (0 + -5 - (3 + -3)) + (8 - 14).
-11
What is the value of -9 + -1 - (4 + -13 + 4 - -5)?
-10
What is the value of (7 - 1) + (1 - -2) + -4 + 6?
11
Evaluate -14 + (2 - 15 - -41).
14
What is 6 - (-2 + 4 + 7 + -8)?
5
What is the value of -4 + -2 + -2 + 3 - (2 - -2)?
-9
Calculate -3 + 2 + 8 + (-24 - -15) + 4.
2
What is 26 + (-20 - (-12 - -7))?
11
Calculate (13 + -36 - 12) + 51.
16
Calculate (-31 - -7) + 42 - 17.
1
What is the value of 119 + -14 - 59 - (2 - -12)?
32
-3 - 8 - (-27 + (-17 - -7))
26
Evaluate 38 + -33 - (2 - 2 - -9) - -18.
14
(-8 - -1) + -207 + 223
9
What is -23 + (46 - 22 - 15)?
-14
Evaluate (-4 - -10) + (-16 - -8) + 5 + 2.
5
Evaluate -8 - -2 - (-8 + 0).
2
Evaluate (2 - (0 + -19)) + 4.
25
What is the value of 6 - (-1 - (8 - (-4 - (1 + -26))))?
-6
What is 9 + (-6 + 5 - -6 - 30)?
-16
What is 2 + 0 + -1 - (27 - 29) - 5?
-2
What is the value of (-9 - -7) + (2 - 14)?
-14
(1 + -8 + 4 - 0) + (7 - 3)
1
23 - (61 - 3) - -22
-13
What is the value of -31 + 17 + 32 + 8 + 0?
26
2 + -4 + 0 - 0 - (49 + -53)
2
Calculate 71 + -80 - (-16 + -1).
8
Calculate 57 - 51 - (4 + 0 - 3).
5
What is -4 + 0 + (-98 - -116)?
14
-11 + -1 - (17 + (8 - 16) + -10)
-11
Evaluate 8 - 32 - (72 + -60).
-36
What is (-3 - 6) + 9 + 7 + -12 + 1?
-4
Evaluate -4 + 2 + 5 + -3 - -2 - -6.
8
-1 - -1 - (-79 - -93)
-14
What is -6 + ((6 - 21) + 7 - (-9 + 3))?
-8
What is 0 + 6 + 4 + -2?
8
Evaluate -22 + (-12 + -6 - -32).
-8
What is (-6 - (39 + -19)) + 31?
5
Calculate -2 - 12 - (229 + -226).
-17
What is the value of (88 - 88) + (-1 - 10) + 22?
11
What is 19 - 9 - 5 - (-3 - -2)?
6
Calculate (7 - 1) + -19 + 2 + 252 + -236.
5
What is 0 - (30 + -5 + 0) - (40 + -49)?
-16
What is -2 - (19 + (1 - 19))?
-3
What is (-29 + 34 - (-11 + -1)) + 3?
20
What is (-1 - -20) + (28 - (-67 - -103))?
11
What is the value of (-36 - -64) + -30 + -18?
-20
-5 + 2 - (7 + 3) - (156 - 164)
-5
Calculate -2 + -3 + -2 + -4 + 9.
-2
Calculate (6 - (-1 - -9)) + (-1 - 1) + -2.
-6
Calculate 16 - (3 + -17 + -5 + 49).
-14
Evaluate -9 + (4 - (3 + -3 + 6)).
-11
21 - 21 - (1 - (-6 + 13))
6
What is (23 - (2 - 2 - -7)) + 2?
18
What is 46 + -13 - 5 - 15?
13
(-1 + -5 - 5) + 32 + -7 + 8
22
What is the value of -2 + -15 + (-231 - -248)?
0
What is (-28 + 9 + -2 - (1 - -5)) + 11?
-16
-1 - -2 - -9 - (363 + -358) - 6
-1
What is -55 + -5 + -5 + 41?
-24
Calculate (23 - (-24 + 43)) + 0 + 1 - -18.
23
Calculate 9 + (-7 + 4 - -2 - (-42 - -80)).
-30
336 + -332 - (2 + 1)
1
What is the value of 85 + -95 + (-2 - (-1 - (2 + 0)))?
-9
-1 + (3 - 8 - (3 + 2 + 1))
-12
Evaluate -1 - -3 - -1 - (16 - 23).
10
(0 - 1 - (3 - (25 + -13))) + -30
-22
What is the value of -1 + -5 + 2 + -11 + 4 + 6?
-5
Calculate -2 + 1 - (231 - 226).
-6
4 - (-3 + -8 - (1 + -1))
15
What is -4 - -15 - 14 - (0 + (-4 - 3))?
4
Calculate (-1 + 3 - 1) + (-15 - -20 - 4).
2
-2 + -10 + (130 - 112) + -10 - 10
-14
Evaluate -20 - -31 - 10 - (-1 - -6).
-4
What is the value of -2 + 11 + 1 + -3 + (36 - 26)?
17
36 - (-4 - (-6 + -6 + -1)) - 7
20
What is the value of 9 - (-16 - (-33 + 5))?
-3
What is the value of 9 + (25 - (-2 + (12 - 3)))?
27
Evaluate 12 + 11 + -18 + (-2 - -2).
5
Evaluate (2 + (2 - 5) - -5) + -87 + 67.
-16
Evaluate -2 - (9 + -1) - (-8 + (-7 - -9)).
-4
What is the value of (3 - 5 - (7 + 2)) + 4?
-7
(-4 - 0) + -3 + 0 + -6 + 33
20
-18 + 9 + -1 + 1 + 150 + -156
-15
Evaluate 7 - (-7 + 19) - -11.
6
What is -165 - -169 - (3 + -2 + (11 - 1))?
-7
-5 + (5 - (3 + (5 - 6) + 0))
-2
Evaluate 25 + 11 + -28 - 13.
-5
-11 + (31 - 27) + (4 - -2) + -1
-2
Evaluate 73 - 61 - ((2 - 1) + (-6 - -4)).
13
-5 + 2 - (12 - 16 - -14)
-13
Calculate 4 - -1 - (-71 + 39 + 36).
1
What is the value of 32 - (-11 + 13 - (-2 + 3 + 0))?
31
What is (-4 - (6 + 7)) + (53 - 70)?
-34
What is the value of 1 - -2 - (10 - (-18 + -13 + 12))?
-26
What is -19 + 22 + -23 - -44?
24
What is the value of -1 + -3 + -18 + (-11 - -22)?
-11
What is the value of 0 + 3 + -12 + -19 + (19 - -16)?
7
Calculate (10 + -8 - 0) + -11.
-9
3072 + -3087 + (4 - 2 - -12)
-1
What is the value of (-127 - -131) + (-2 - (11 + -1))?
-8
What is the value of -3 - ((12 - (5 + -2)) + -12 + 1)?
-1
Evaluate -4 - (-9 + 21 + -4).
-12
4 - (-5 + 17 + -33)
25
Calculate (-9 - -2) + -2 + 4 + -9.
-14
Calculate 84 - 89 - (1 + (-2 - 1) + -1).
-2
Calculate -35 + 31 + -4 + 1.
-7
Evaluate -11 - -1 - (39 + -11 + -33).
-5
-1 + 1 - (-7 + -2 + -5)
14
-44 + (8 - (-15 - -25)) + 13 + -3
-36
What is the value of 4 + 24 + -11 + (-1 - 0)?
16
Calculate (9 - (19 - 12)) + -15.
-13
What is 20 - (26 - 0) - (2 - (11 + 0))?
3
Calculate (2 + -7 - -2) + (-4 - 1 - 1).
-9
What is the value of 2 + 22 + (81 - 115)?
-10
Calculate (1 + 0 - (11 - 1)) + 15.
6
What is -1 - -7 - (-16 + (-5 - 18 - -16))?
29
Calculate -8 - (3 - 4 - 10) - -11.
14
Evaluate -18 + 7 + 16 + (1 - 1).
5
Evaluate -4 + (-6 - -13 - -5 - -7).
15
-8 + (-13 - -25 - 11 - -8)
1
Calculate (21 - 21) + (29 - 37).
-8
What is the value of -24 + (-5 - (8 + (-5 - 2 - 8)))?
-22
What is (26 + -63 - -26) + (-2 - -27)?
14
Calculate -13 - (-4 + 6 + 6) - (-7 + 2).
-16
What is the value of -38 + 29 - (-13 - 1)?
5
0 - ((4 - 13) + 5)
4
Evaluate 33 + -50 + -28 - -31.
-14
18 - -17 - 27 - -25
33
What is the value of 2 + -7 - (-112 - -115)?
-8
Evaluate 542 + -569 - ((-1 - -1) + -18).
-9
Calculate -1 + 3 + -8 + 20 + (2 - -14).
30
What is the value of 7 - (-9 + -20 + 22)?
14
What is the value of 9 + 5 + -6 - (-6 - -12 - 2)?
4
29 + -1 + (43 + -14 - 38) - -6
25
Evaluate -10 - (17 + -8 - 25).
6
What is -5 + 0 - 2 - -1?
-6
Evaluate 0 - -26 - (112 - 82).
-4
What is (2 - -10 - (-7 - -14)) + (-6 - 1)?
-2
What is -3 + -19 + 2 - (-8 - -1)?
-13
What is the value of 0 + 13 + 0 - (-294 - -316)?
-9
(1 + (-8 - (-4 - -2)) - -15) + -1
9
What is the value of -5 + -25 + (18 - -1)?
-11
Calculate -10 + 9 + -5 + 18.
12
What is the value of -8 + (7 - (11 + (6 - 9)))?
-9
(16 + -39 - -5) + 10
-8
Evaluate -19 - -39 - 15 - 18.
-13
Calculate (6 - 2 - 2 - 3) + -13.
-14
Evaluate 12 + -4 + (1 - (3 + -1 + 3)).
4
What is the value of -3 -